{"id":818,"date":"2015-04-09T04:53:27","date_gmt":"2015-04-09T04:53:27","guid":{"rendered":"http:\/\/www.tallerdelzorro.com.ar\/?page_id=818"},"modified":"2026-03-18T14:18:55","modified_gmt":"2026-03-18T17:18:55","slug":"el-taller-del-zorro","status":"publish","type":"page","link":"https:\/\/tallerdelzorro.com.ar\/?page_id=818","title":{"rendered":"El Taller del Zorr"},"content":{"rendered":"\n<div class=\"wp-block-group alignwide is-layout-constrained wp-container-core-group-is-layout-db31d2eb wp-block-group-is-layout-constrained\" style=\"margin-top:0;margin-bottom:0\">\n<div class=\"wp-block-group is-layout-constrained wp-container-core-group-is-layout-5a30f31b wp-block-group-is-layout-constrained\">\n<div class=\"wp-block-group is-layout-constrained wp-block-group-is-layout-constrained\">\n<p>El Taller del Zorro es un espacio pensado para que los chicos se conecten con el fascinante mundo de la literatura. Creemos en el poder que tienen los libros para enriquecer la vida de las personas. Nos proponemos generar, a trav\u00e9s de la lectura, la narraci\u00f3n oral y el contacto con diferentes textos, experiencias que incentiven su propia creaci\u00f3n. Mediante distintas propuestas que estimulen la expresi\u00f3n personal y colectiva, intentaremos\u00a0que cada uno, disfrutando de jugar con la palabra, pueda buscar y encontrar el autor que lleva adentro.<br><br><strong>Lucila Hechart<\/strong><\/p>\n\n\n\n<div style=\"margin-top:0;margin-bottom:0;height:50px\" aria-hidden=\"true\" class=\"wp-block-spacer\"><\/div>\n\n\n\n<hr class=\"wp-block-separator has-alpha-channel-opacity is-style-wide\"\/>\n<\/div>\n<\/div>\n\n\n\n<div class=\"wp-block-group is-content-justification-left is-layout-constrained wp-container-core-group-is-layout-f4f988fe wp-block-group-is-layout-constrained\">\n<div style=\"margin-top:0;margin-bottom:0;height:50px\" aria-hidden=\"true\" class=\"wp-block-spacer\"><\/div>\n\n\n\n<h3 class=\"wp-block-heading has-medium-font-size\">Informes e inscripci\u00f3n:<\/h3>\n\n\n\n<p class=\"has-normal-font-size\" style=\"font-style:normal;font-weight:300\">info@tallerdelzorro.com.ar<\/p>\n\n\n\n<div style=\"height:100px\" aria-hidden=\"true\" class=\"wp-block-spacer\"><\/div>\n<\/div>\n<\/div>\n","protected":false},"excerpt":{"rendered":"<p>El Taller del Zorro es un espacio pensado para que los chicos se conecten con el fascinante mundo de la literatura. Creemos en el poder que tienen los libros para enriquecer la vida de las personas. Nos proponemos generar, a trav\u00e9s de la lectura, la narraci\u00f3n oral y el contacto con diferentes textos, experiencias que [&hellip;]<\/p>\n","protected":false},"author":1,"featured_media":0,"parent":0,"menu_order":0,"comment_status":"open","ping_status":"open","template":"","meta":{"_themeisle_gutenberg_block_has_review":false,"footnotes":""},"class_list":["post-818","page","type-page","status-publish","hentry"],"_links":{"self":[{"href":"https:\/\/tallerdelzorro.com.ar\/index.php?rest_route=\/wp\/v2\/pages\/818","targetHints":{"allow":["GET"]}}],"collection":[{"href":"https:\/\/tallerdelzorro.com.ar\/index.php?rest_route=\/wp\/v2\/pages"}],"about":[{"href":"https:\/\/tallerdelzorro.com.ar\/index.php?rest_route=\/wp\/v2\/types\/page"}],"author":[{"embeddable":true,"href":"https:\/\/tallerdelzorro.com.ar\/index.php?rest_route=\/wp\/v2\/users\/1"}],"replies":[{"embeddable":true,"href":"https:\/\/tallerdelzorro.com.ar\/index.php?rest_route=%2Fwp%2Fv2%2Fcomments&post=818"}],"version-history":[{"count":11,"href":"https:\/\/tallerdelzorro.com.ar\/index.php?rest_route=\/wp\/v2\/pages\/818\/revisions"}],"predecessor-version":[{"id":4310,"href":"https:\/\/tallerdelzorro.com.ar\/index.php?rest_route=\/wp\/v2\/pages\/818\/revisions\/4310"}],"wp:attachment":[{"href":"https:\/\/tallerdelzorro.com.ar\/index.php?rest_route=%2Fwp%2Fv2%2Fmedia&parent=818"}],"curies":[{"name":"wp","href":"https:\/\/api.w.org\/{rel}","templated":true}]}}